e of 28?
True
Is 5225002 a multiple of 97?
True
Is 126695 a multiple of 120?
False
Is 79994 a multiple of 8?
False
Does 16 divide 135058?
False
Does 199 divide 12139?
True
Does 186 divide 2921314?
False
Is 999207 a multiple of 33?
True
Is 167238 a multiple of 342?
True
Does 22 divide 10601024?
False
Does 5 divide 2963505?
True
Is 85 a factor of 2337090?
False
Is 306 a factor of 142043?
False
Is 24700 a multiple of 2?
True
Is 818 a factor of 9177652?
False
Does 348 divide 118052?
False
Is 252453 a multiple of 6?
False
Is 1664895 a multiple of 255?
True
Does 12 divide 27602173?
False
Is 4 a factor of 6016?
True
Does 749 divide 9044019?
False
Is 43 a factor of 2873110?
False
Is 1162701 a multiple of 8?
False
Is 72 a factor of 5381?
False
Does 126 divide 93240?
True
Is 25 a factor of 111500?
True
Does 12 divide 612679?
False
Is 403829 a multiple of 262?
False
Is 46636 a multiple of 165?
False
Does 94 divide 82782?
False
Is 98 a factor of 598780?
True
Does 140 divide 730053?
False
Does 312 divide 561093?
False
Is 12092113 a multiple of 19?
True
Does 2 divide 173795?
False
Does 106 divide 551568?
False
Does 5 divide 62074?
False
Is 79212 a multiple of 246?
True
Is 103 a factor of 6543271?
False
Is 1120944 a multiple of 325?
False
Is 15516540 a multiple of 247?
True
Is 549186 a multiple of 157?
True
Does 124 divide 71548?
True
Is 74 a factor of 3369220?
True
Does 11 divide 531597?
True
Is 33594 a multiple of 46?
False
Does 18 divide 617796?
True
Does 4 divide 2456691?
False
Is 1186731 a multiple of 483?
True
Is 17 a factor of 263806?
True
Does 11 divide 103994?
True
Is 19686744 a multiple of 33?
True
Does 17 divide 16194299?
False
Is 14809978 a multiple of 37?
False
Does 10 divide 1566884?
False
Does 117 divide 1581213?
False
Does 24 divide 1150224?
True
Is 89 a factor of 474459?
True
Does 4 divide 711075?
False
Is 41057 a multiple of 38?
False
Is 439948 a multiple of 9?
False
Is 2346 a multiple of 19?
False
Is 47844 a multiple of 9?
True
Is 26414 a multiple of 16?
False
Is 18 a factor of 16434?
True
Is 50288 a multiple of 59?
False
Is 107 a factor of 169119?
False
Does 8 divide 662168?
True
Is 475 a factor of 4045100?
True
Does 35 divide 44446?
False
Is 137256 a multiple of 86?
True
Is 11596325 a multiple of 609?
False
Is 76808 a multiple of 40?
False
Is 17 a factor of 99870?
False
Is 458 a factor of 4102037?
False
Is 222 a factor of 1118143?
False
Is 92435 a multiple of 7?
True
Does 21 divide 357686?
False
Is 52 a factor of 627869?
False
Is 99096 a multiple of 24?
True
Is 1279082 a multiple of 33?
False
Does 28 divide 2843624?
True
Does 21 divide 138054?
True
Is 226 a factor of 151318?
False
Is 6874650 a multiple of 880?
False
Does 69 divide 2514049?
False
Is 260613 a multiple of 34?
False
Is 69 a factor of 544938?
False
Is 94514 a multiple of 14?
True
Is 108 a multiple of 18?
True
Is 4 a factor of 22400?
True
Does 9 divide 39510?
True
Does 444 divide 834276?
True
Does 196 divide 717360?
True
Is 32 a factor of 19424?
True
Is 495 a factor of 3198195?
True
Is 65145 a multiple of 201?
False
Is 47 a factor of 97318?
False
Does 27 divide 677669?
False
Is 67 a factor of 370068?
False
Is 388 a factor of 365884?
True
Is 245 a factor of 262119?
False
Does 18 divide 537030?
True
Is 28 a factor of 108388?
True
Is 430716 a multiple of 26?
True
Is 5889971 a multiple of 18?
False
Is 66 a factor of 221166?
True
Is 31 a factor of 607290?
True
Does 4 divide 57605?
False
Is 417282 a multiple of 116?
False
Does 3 divide 53041?
False
Is 114012 a multiple of 36?
True
Does 178 divide 356?
True
Is 633742 a multiple of 85?
False
Does 24 divide 318750?
False
Is 1104834 a multiple of 187?
False
Is 452464 a multiple of 21?
False
Is 306930 a multiple of 15?
True
Does 185 divide 101385?
False
Does 1449 divide 7577508?
False
Is 21402 a multiple of 51?
False
Does 28 divide 186647?
False
Is 1086 a factor of 7028475?
False
Is 2336088 a multiple of 376?
True
Is 678480 a multiple of 33?
True
Does 193 divide 658516?
True
Is 16251408 a multiple of 54?
True
Is 57 a factor of 10554056?
False
Does 263 divide 174375?
False
Is 56 a factor of 1047834?
False
Does 20 divide 1348620?
True
Is 5666801 a multiple of 8?
False
Does 26 divide 59384?
True
Is 17 a factor of 371739?
True
Does 19 divide 68666?
True
Is 37 a factor of 25160?
True
Does 1030 divide 3045710?
True
Does 223 divide 563967?
True
Is 4242 a multiple of 20?
False
Is 1644683 a multiple of 619?
True
Is 455880 a multiple of 232?
True
Is 313 a factor of 31300?
True
Is 704 a factor of 834104?
False
Is 23 a factor of 3049570?
True
Is 6744 a multiple of 3?
True
Does 777 divide 645205?
False
Does 108 divide 4630178?
False
Is 9 a factor of 696563?
False
Is 69 a factor of 7549156?
False
Is 229 a factor of 351197?
False
Is 129 a factor of 2985499?
False
Does 33 divide 949311?
True
Is 4677728 a multiple of 388?
True
Is 11 a factor of 1633939?
False
Does 35 divide 39357?
False
Is 137 a factor of 39179?
False
Does 98 divide 9212?
True
Does 7 divide 207816?
True
Is 541436 a multiple of 14?
True
Does 13 divide 105162?
False
Is 119518 a multiple of 209?
False
Is 74 a factor of 13992660?
True
Does 23 divide 1750691?
True
Is 5 a factor of 8240127?
False
Is 247 a factor of 1143363?
True
Does 811 divide 899417?
False
Does 9 divide 491808?
False
Does 392 divide 1263808?
True
Is 55506 a multiple of 2?
True
Is 29716 a multiple of 38?
True
Is 3 a factor of 549579?
True
Is 334854 a multiple of 370?
False
Is 878 a multiple of 3?
False
Is 61927 a multiple of 5?
False
Does 7 divide 36680?
True
Is 11 a factor of 8370949?
False
Does 18 divide 2124530?
False
Is 541 a factor of 744985?
False
Is 14 a factor of 72681?
False
Is 1090 a factor of 2900760?
False
Does 20 divide 490086?
False
Is 5 a factor of 1189615?
True
Does 39 divide 119477?
False
Is 800 a factor of 7752798?
False
Is 760 a factor of 16704062?
False
Is 20 a factor of 5861607?
False
Is 127 a factor of 8534404?
False
Is 288116 a multiple of 223?
True
Is 7655405 a multiple of 394?
False
Is 116246 a multiple of 13?
True
Does 34 divide 157454?
True
Is 126 a factor of 3767196?
False
Is 30 a factor of 9291150?
True
Is 81 a factor of 788792?
False
Is 306111 a multiple of 47?
True
Does 19 divide 1862038?
True
Is 17 a factor of 3447220?
False
Is 68 a factor of 31824?
True
Does 24 divide 4368?
True
Is 693360 a multiple of 108?
True
Is 41 a factor of 307213?
True
Does 71 divide 4639282?
True
Is 54 a factor of 2249965?
False
Is 964975 a multiple of 293?
False
Is 3100 a factor of 42635815?
False
Does 49 divide 390012?
False
Does 31 divide 132195?
False
Is 1411561 a multiple of 69?
False
Is 85 a factor of 2037195?
True
Is 1165781 a multiple of 602?
False
Is 393383 a multiple of 17?
False
Is 3 a factor of 1489734?
True
Is 689 a factor of 1596909?
False
Is 3786010 a multiple of 131?
False
Does 11 divide 5538335?
True
Does 140 divide 80920?
True
Is 1290 a factor of 592110?
True
Is 344 a factor of 64027?
False
Does 81 divide 41297?
False
Does 43 divide 2938273?
False
Is 17 a factor of 78489?
True
Does 11 divide 242539?
True
Does 34 divide 2749852?
True
Does 22 divide 256784?
True
Is 107 a factor of 528629?
False
Is 149 a factor of 163906?
False
Is 525 a factor of 4303950?
True
Is 20 a factor of 61360?
True
Is 258602 a multiple of 30?
False
Does 19 divide 2360185?
False
Is 488433 a multiple of 26?
False
Is 79 a factor of 27828?
False
Is 122 a factor of 966153?
False
Is 1647855 a multiple of 6?
False
Is 3 a factor of 206037?
True
Is 2 a factor of 547888?
True
Is 6 a factor of 168186?
True
Is 2444778 a multiple of 63?
True
Is 216 a factor of 240135?
False
Is 21984 a multiple of 96?
True
Is 359 a factor of 980748?
False
Is 139 a factor of 2567461?
False
Is 415350 a multiple of 10?
True
Is 134774 a multiple of 141?
False
Does 45 divide 313346?
False
Does 193 divide 50578?
False
Does 38 divide 790856?
True
Does 239 divide 1730360?
True
Is 216 a factor of 16632?
True
Is 1622070 a multiple of 1206?
True
Is 9 a factor of 1420716?
False
Does 69 divide 1307156?
False
Is 91 a factor of 1954134?
True
Is 1699537 a multiple of 97?
True
Is 25 a factor of 58275?
True
Is 3710124 a multiple of 17?
False
Is 487 a factor of 15584974?
True
Is 8227421 a multiple of 78?
False
Does 52 divide 271227?
False
Is 43623 a multiple of 2?
False
Is 